{"id":245,"date":"2021-11-19T17:41:01","date_gmt":"2021-11-19T16:41:01","guid":{"rendered":"https:\/\/www.march-promotion.net\/?page_id=245"},"modified":"2023-11-29T16:30:13","modified_gmt":"2023-11-29T15:30:13","slug":"mentions-legales","status":"publish","type":"page","link":"https:\/\/www.march-promotion.net\/index.php\/mentions-legales\/","title":{"rendered":"Mentions l\u00e9gales"},"content":{"rendered":"\n<h3 class=\"wp-block-heading\">Qui sommes-nous ?<\/h3>\n\n\n\n<p>Le pr\u00e9sent site internet est la propri\u00e9t\u00e9 de la soci\u00e9t\u00e9 :<br>March Promotion sarl<br>Siret: 51301182500017<br>146 Impasse du Moulin des Gaux &#8211; 38150 CHANAS<br>T\u00e9l\u00e9phone: 09 63 41 29 22<br>repr\u00e9sent\u00e9e par Monsieur Christophe MARTEL<br><a href=\"https:\/\/www.march-promotion.net\/index.php\/contact\/\">Page Contact<\/a><\/p>\n\n\n\n<p><strong>L&rsquo;h\u00e9bergement <\/strong>est assur\u00e9 par:<br>1&amp;1 IONOS SARL<br>7, place de la Gare &#8211; BP 70109<br>57201 SARREGUEMINES<\/p>\n\n\n\n<p>La Conception et l<strong>&lsquo;administration du site<\/strong> sont assur\u00e9es par:<br>K\/Cendra sarl<br>19 avenue F\u00e9lix Faure<br>26000 VALENCE<br>Tel: 04-75-42-88-64<br><a href=\"https:\/\/www.kcendra.com\">https:\/\/www.kcendra.com<\/a><br><br><\/p>\n\n\n\n<h2 class=\"wp-block-heading\" id=\"block-0e9b81c0-261c-40c5-aad4-d800a476fc2c\">Quelle sont les donn\u00e9es personnelles collect\u00e9es par le site internet ?<\/h2>\n\n\n\n<p id=\"block-c1ca6a04-3473-4e95-be6d-9ccf92c37789\">Aucune.<br>Le site ne propose aucun enregistrement, aucune newsletter ou notification.<br>Les seules informations re\u00e7ues sont les courriels envoy\u00e9s par les internautes par la messagerie.<br>\ufeff<\/p>\n\n\n\n<h3 class=\"wp-block-heading\" id=\"block-0a71fefc-02ef-461c-8ac8-98e0d1ab6001\">Cookies<\/h3>\n\n\n\n<p id=\"block-58f655a6-1c01-492f-8eaa-5cd3599ff8e5\">Nous utilisons des cookies pour concevoir nos sites Web de mani\u00e8re optimale pour vous, afin d\u2019am\u00e9liorer nos produits. Il ne s&rsquo;agit pas de donn\u00e9es personnelles. Typiquement, il s&rsquo;agit d&rsquo;informations saisies par les internautes dans les formulaires de saisie, la r\u00e9solution de l&rsquo;\u00e9cran, \u00e9ventuellement le navigateur. Ces informations sont stock\u00e9es uniquement dans le disque dur de l&rsquo;internaute et sont utilis\u00e9es par les navigateurs (Edge, Chrome, Firefox, Opera, Safari &#8230;) pour gagner du temps lors de visite ult\u00e9rieurs. Ces cookie sont effa\u00e7ables dans les options de s\u00e9curit\u00e9 des navigateurs et d\u00e9sactiv\u00e9s dans les \u00a0\u00bb mode priv\u00e9\u00a0\u00bb.<\/p>\n","protected":false},"excerpt":{"rendered":"<p>Qui sommes-nous ? Le pr\u00e9sent site internet est la propri\u00e9t\u00e9 de la soci\u00e9t\u00e9 :March Promotion sarlSiret: 51301182500017146 Impasse du Moulin des Gaux &#8211; 38150 CHANAST\u00e9l\u00e9phone: 09 63 41 29 22repr\u00e9sent\u00e9e par Monsieur Christophe MARTELPage Contact L&rsquo;h\u00e9bergement est assur\u00e9 par:1&amp;1 IONOS SARL7, place de la Gare &#8211; BP 7010957201 SARREGUEMINES La Conception et l&lsquo;administration du site sont assur\u00e9es par:K\/Cendra sarl19 avenue F\u00e9lix Faure26000 VALENCETel: 04-75-42-88-64https:\/\/www.kcendra.com Quelle sont les donn\u00e9es personnelles collect\u00e9es par le site internet ? Aucune.Le site ne propose aucun&hellip;<\/p>\n","protected":false},"author":1,"featured_media":0,"parent":0,"menu_order":0,"comment_status":"closed","ping_status":"closed","template":"","meta":{"ngg_post_thumbnail":0,"footnotes":""},"class_list":["post-245","page","type-page","status-publish","hentry"],"_links":{"self":[{"href":"https:\/\/www.march-promotion.net\/index.php\/wp-json\/wp\/v2\/pages\/245","targetHints":{"allow":["GET"]}}],"collection":[{"href":"https:\/\/www.march-promotion.net\/index.php\/wp-json\/wp\/v2\/pages"}],"about":[{"href":"https:\/\/www.march-promotion.net\/index.php\/wp-json\/wp\/v2\/types\/page"}],"author":[{"embeddable":true,"href":"https:\/\/www.march-promotion.net\/index.php\/wp-json\/wp\/v2\/users\/1"}],"replies":[{"embeddable":true,"href":"https:\/\/www.march-promotion.net\/index.php\/wp-json\/wp\/v2\/comments?post=245"}],"version-history":[{"count":2,"href":"https:\/\/www.march-promotion.net\/index.php\/wp-json\/wp\/v2\/pages\/245\/revisions"}],"predecessor-version":[{"id":590,"href":"https:\/\/www.march-promotion.net\/index.php\/wp-json\/wp\/v2\/pages\/245\/revisions\/590"}],"wp:attachment":[{"href":"https:\/\/www.march-promotion.net\/index.php\/wp-json\/wp\/v2\/media?parent=245"}],"curies":[{"name":"wp","href":"https:\/\/api.w.org\/{rel}","templated":true}]}}