{"id":91,"date":"2015-10-07T14:56:54","date_gmt":"2015-10-07T13:56:54","guid":{"rendered":"http:\/\/www.march-promotion.net\/?page_id=91"},"modified":"2023-05-12T09:58:35","modified_gmt":"2023-05-12T08:58:35","slug":"realisations","status":"publish","type":"page","link":"https:\/\/www.march-promotion.net\/index.php\/realisations\/","title":{"rendered":"R\u00e9alisations"},"content":{"rendered":"<h2 style=\"text-align: left;\"><a href=\"https:\/\/www.march-promotion.net\/index.php\/residence-lerins\/\">R\u00e9sidence Lerins<\/a><\/h2>\n<p style=\"text-align: left;\"><br><a href=\"https:\/\/www.march-promotion.net\/index.php\/residence-lerins\/\"><img loading=\"lazy\" decoding=\"async\" class=\"wp-image-393 alignleft\" src=\"https:\/\/www.march-promotion.net\/wp-content\/uploads\/lerinsRea.jpg\" alt=\"\" width=\"640\" height=\"150\" srcset=\"https:\/\/www.march-promotion.net\/wp-content\/uploads\/lerinsRea.jpg 1024w, https:\/\/www.march-promotion.net\/wp-content\/uploads\/lerinsRea-300x70.jpg 300w, https:\/\/www.march-promotion.net\/wp-content\/uploads\/lerinsRea-768x180.jpg 768w\" sizes=\"auto, (max-width: 640px) 100vw, 640px\" \/>Romans-sur-Is\u00e8re<\/a><\/p>\n\n\n<figure class=\"wp-block-image size-full\"><a href=\"https:\/\/www.march-promotion.net\/wp-content\/uploads\/ligne.png\"><img loading=\"lazy\" decoding=\"async\" width=\"1024\" height=\"1\" src=\"https:\/\/www.march-promotion.net\/wp-content\/uploads\/ligne.png\" alt=\"\" class=\"wp-image-349\" srcset=\"https:\/\/www.march-promotion.net\/wp-content\/uploads\/ligne.png 1024w, https:\/\/www.march-promotion.net\/wp-content\/uploads\/ligne-300x1.png 300w, https:\/\/www.march-promotion.net\/wp-content\/uploads\/ligne-150x1.png 150w, https:\/\/www.march-promotion.net\/wp-content\/uploads\/ligne-768x1.png 768w, https:\/\/www.march-promotion.net\/wp-content\/uploads\/ligne-400x1.png 400w\" sizes=\"auto, (max-width: 1024px) 100vw, 1024px\" \/><\/a><\/figure>\n\n\n<h2 style=\"text-align: left;\"><a href=\"https:\/\/www.march-promotion.net\/index.php\/residence-louest\/\">L&rsquo;ouest<\/a><\/h2>\n<p style=\"text-align: left;\"><br><a href=\"https:\/\/www.march-promotion.net\/index.php\/residence-louest\/\">Le p\u00e9age de Roussillon<img loading=\"lazy\" decoding=\"async\" class=\"wp-image-390 alignleft\" src=\"https:\/\/www.march-promotion.net\/wp-content\/uploads\/ouestRea.jpg\" alt=\"\" width=\"640\" height=\"160\" srcset=\"https:\/\/www.march-promotion.net\/wp-content\/uploads\/ouestRea.jpg 1024w, https:\/\/www.march-promotion.net\/wp-content\/uploads\/ouestRea-300x75.jpg 300w, https:\/\/www.march-promotion.net\/wp-content\/uploads\/ouestRea-768x192.jpg 768w\" sizes=\"auto, (max-width: 640px) 100vw, 640px\" \/><\/a><\/p>\n\n\n<figure class=\"wp-block-image size-full\"><a href=\"https:\/\/www.march-promotion.net\/wp-content\/uploads\/ligne.png\"><img loading=\"lazy\" decoding=\"async\" width=\"1024\" height=\"1\" src=\"https:\/\/www.march-promotion.net\/wp-content\/uploads\/ligne.png\" alt=\"\" class=\"wp-image-349\" srcset=\"https:\/\/www.march-promotion.net\/wp-content\/uploads\/ligne.png 1024w, https:\/\/www.march-promotion.net\/wp-content\/uploads\/ligne-300x1.png 300w, https:\/\/www.march-promotion.net\/wp-content\/uploads\/ligne-150x1.png 150w, https:\/\/www.march-promotion.net\/wp-content\/uploads\/ligne-768x1.png 768w, https:\/\/www.march-promotion.net\/wp-content\/uploads\/ligne-400x1.png 400w\" sizes=\"auto, (max-width: 1024px) 100vw, 1024px\" \/><\/a><\/figure>\n\n\n<h2 style=\"text-align: left;\"><a href=\"https:\/\/www.march-promotion.net\/index.php\/realisations\/le-six\/\">Le Six<\/a><\/h2>\n<p style=\"text-align: left;\"><br><a href=\"https:\/\/www.march-promotion.net\/index.php\/realisations\/le-six\/\"><img loading=\"lazy\" decoding=\"async\" class=\"wp-image-110 size-large alignleft\" src=\"https:\/\/www.march-promotion.net\/wp-content\/uploads\/LeSixBan-1024x256.jpg\" alt=\"\" width=\"640\" height=\"160\" srcset=\"https:\/\/www.march-promotion.net\/wp-content\/uploads\/LeSixBan.jpg 1024w, https:\/\/www.march-promotion.net\/wp-content\/uploads\/LeSixBan-300x75.jpg 300w\" sizes=\"auto, (max-width: 640px) 100vw, 640px\" \/>Saint Pierre de Boeuf<\/a><\/p>\n\n\n<figure class=\"wp-block-image size-full\"><a href=\"https:\/\/www.march-promotion.net\/wp-content\/uploads\/ligne.png\"><img loading=\"lazy\" decoding=\"async\" width=\"1024\" height=\"1\" src=\"https:\/\/www.march-promotion.net\/wp-content\/uploads\/ligne.png\" alt=\"\" class=\"wp-image-349\" srcset=\"https:\/\/www.march-promotion.net\/wp-content\/uploads\/ligne.png 1024w, https:\/\/www.march-promotion.net\/wp-content\/uploads\/ligne-300x1.png 300w, https:\/\/www.march-promotion.net\/wp-content\/uploads\/ligne-150x1.png 150w, https:\/\/www.march-promotion.net\/wp-content\/uploads\/ligne-768x1.png 768w, https:\/\/www.march-promotion.net\/wp-content\/uploads\/ligne-400x1.png 400w\" sizes=\"auto, (max-width: 1024px) 100vw, 1024px\" \/><\/a><\/figure>\n\n\n<h2 style=\"text-align: left;\"><a href=\" http:\/\/www.march-promotion.net\/index.php\/realisations\/les-jardins-de-la-tour-dorange\/ \">Les jardins de la Tour d&rsquo;Orange<\/a><\/h2>\n<p style=\"text-align: left;\"><br><a href=\"https:\/\/www.march-promotion.net\/index.php\/realisations\/les-jardins-de-la-tour-dorange\/\">Auberives sur Var\u00e8ze<img loading=\"lazy\" decoding=\"async\" class=\"size-large wp-image-111 alignleft\" src=\"http:\/\/www.march-promotion.net\/wp-content\/uploads\/auberiveBan-1024x256.jpg\" alt=\"auberiveBan\" width=\"640\" height=\"160\" srcset=\"https:\/\/www.march-promotion.net\/wp-content\/uploads\/auberiveBan.jpg 1024w, https:\/\/www.march-promotion.net\/wp-content\/uploads\/auberiveBan-300x75.jpg 300w\" sizes=\"auto, (max-width: 640px) 100vw, 640px\" \/><\/a><\/p>\n<p style=\"text-align: left;\">&nbsp;<\/p>\n<p style=\"text-align: left;\">&nbsp;<\/p>","protected":false},"excerpt":{"rendered":"<p>R\u00e9sidence Lerins Romans-sur-Is\u00e8re L&rsquo;ouest Le p\u00e9age de Roussillon Le Six Saint Pierre de Boeuf Les jardins de la Tour d&rsquo;Orange Auberives sur Var\u00e8ze &nbsp; &nbsp;<\/p>\n","protected":false},"author":1,"featured_media":0,"parent":0,"menu_order":0,"comment_status":"closed","ping_status":"closed","template":"","meta":{"ngg_post_thumbnail":0,"footnotes":""},"class_list":["post-91","page","type-page","status-publish","hentry"],"_links":{"self":[{"href":"https:\/\/www.march-promotion.net\/index.php\/wp-json\/wp\/v2\/pages\/91","targetHints":{"allow":["GET"]}}],"collection":[{"href":"https:\/\/www.march-promotion.net\/index.php\/wp-json\/wp\/v2\/pages"}],"about":[{"href":"https:\/\/www.march-promotion.net\/index.php\/wp-json\/wp\/v2\/types\/page"}],"author":[{"embeddable":true,"href":"https:\/\/www.march-promotion.net\/index.php\/wp-json\/wp\/v2\/users\/1"}],"replies":[{"embeddable":true,"href":"https:\/\/www.march-promotion.net\/index.php\/wp-json\/wp\/v2\/comments?post=91"}],"version-history":[{"count":13,"href":"https:\/\/www.march-promotion.net\/index.php\/wp-json\/wp\/v2\/pages\/91\/revisions"}],"predecessor-version":[{"id":521,"href":"https:\/\/www.march-promotion.net\/index.php\/wp-json\/wp\/v2\/pages\/91\/revisions\/521"}],"wp:attachment":[{"href":"https:\/\/www.march-promotion.net\/index.php\/wp-json\/wp\/v2\/media?parent=91"}],"curies":[{"name":"wp","href":"https:\/\/api.w.org\/{rel}","templated":true}]}}